3*x**3 + 1/60*x**5 + 0*x - 2*x**2. Is j(16) prime?
False
Let v(k) = -k**2 - 12*k - 22. Let o be v(-9). Is (o + -2)*(-251)/(-3) a composite number?
False
Let j(m) be the third derivative of m**8/4032 - m**7/420 - m**6/360 + m**5/10 + 3*m**2. Let c(b) be the third derivative of j(b). Is c(11) a composite number?
True
Is 331540/13 - (-2)/(-26) prime?
False
Suppose 10*b = 6*b + 4. Let u = 4 - b. Suppose -4*j + u*i + 503 = -11, j - 119 = -4*i. Is j composite?
False
Let n = -2006 - -4187. Suppose -161 = 5*z - n. Suppose 4*d - 104 = z. Is d a composite number?
False
Let r = -209 - 197. Let q = r - -573. Is q composite?
False
Let n be 6*53/(-10) - 16/80. Is (48/n)/(3/(-2234)) a composite number?
False
Is ((-6)/(-24))/((-8)/(-49312)) composite?
True
Let w(a) = -7026*a - 493. Is w(-4) a prime number?
True
Let n be 10/25*25/2. Let u = n + -3. Suppose u*a + 20 = 538. Is a prime?
False
Let c = 114 + -110. Let y(h) = 21*h. Let t be y(1). Suppose -2089 = -c*g - t. Is g prime?
False
Let y = 148587 - 102818. Is y a composite number?
True
Let j = -6095 + 8817. Is j composite?
True
Is (36709902/765)/((-4)/(-10)) a composite number?
True
Suppose 4571 + 10124 = 5*z. Is z a composite number?
False
Let j(w) = 40*w - 9. Suppose -4*x - 3*x = -35. Is j(x) prime?
True
Let o(c) = -3*c**3 - c**2 - 2*c - 2. Let n be o(-2). Let x = n + -19. Is 4/x - (-9595)/15 a composite number?
False
Suppose 2*k + 1 = 11, -z = -2*k + 7. Suppose v + 6830 = z*v. Is v a prime number?
False
Let n be 3/4 + 1651/(-52). Let d = n - -34. Let a(t) = 3*t**3 + 3*t**2 + 3*t - 4. Is a(d) a composite number?
False
Let b = -20 - -35. Let g be (-10)/b + (-22)/(-6). Suppose -2022 = -g*j + 3*l, -2*l = -0*j - j + 669. Is j composite?
True
Suppose -4*m = 3*q - 6*m + 3, -4*m = -3*q - 9. Suppose q = 2*s - s, -3*b + 3*s + 246 = 0. Is b composite?
False
Is (1/((-6)/(-2)))/(29/4026447) a composite number?
True
Let j(l) = 56*l + 1. Let w be (-9)/3 - 3*-4. Suppose 0 = x - 4*x + w. Is j(x) a composite number?
True
Is 11 + -6 - 9*-2102 a prime number?
False
Let c = -10 + 12. Let r(z) = z**3 + z**2 - z - 1. Let y(i) = -i**3 + 9*i**2 - 2*i - 11. Let p(g) = c*r(g) + y(g). Is p(-9) a composite number?
True
Let r be 4/5 + -1 + (-327)/15. Suppose 0*k - 5*k = -130. Is 2 + k/(-4)*r a composite number?
True
Suppose -4*k = -l, 3*l - 2*k = 2*l. Let d(w) = -w**3 - w**2 - 2*w + 194. Is d(l) prime?
False
Suppose -5*d + q = -31, 3*d - 4*q - 15 = -7*q. Suppose -d*m + 1164 = 444. Suppose -5*r - 5 + m = 0. Is r composite?
False
Let u(w) = 36*w + 16. Let o be u(7). Suppose v = 5*v - o. Suppose 6*r + v = 7*r. Is r prime?
True
Let j = -46112 + 76935. Is j prime?
False
Is (1/(-7))/((-9)/(16201 - 10)) composite?
False
Let d(p) = -15*p**3 + p**2 + 4*p - 6. Suppose 0*x - 4 = -x. Let w be d(x). Is w/(-6) + 4/(-6) composite?
True
Let j = 19 - 15. Suppose 0 = -u - 3 + j, -5*q - 5*u = -2670. Is q composite?
True
Let b(p) = -18*p + 7. Suppose 0 = -5*c + 7 - 42. Is b(c) a composite number?
True
Let j(u) be the third derivative of -47*u**4/8 + u**3/3 - 6*u**2. Is j(-5) prime?
False
Let k = 16781 + 16388. Is k composite?
True
Suppose -5*s = -5*w - 73500, 14*w = 9*w - 5. Is s a composite number?
False
Let c be (1 - -2) + (12 - 19). Is (2/c)/((-1)/614) a prime number?
True
Suppose -3*n = -5*w + 31, 0 = -4*n - 3*w - 1 + 8. Let o be 18/12*n/(-3). Let m(f) = 472*f**3 - f**2 - f + 1. Is m(o) a prime number?
False
Let o = -1445 + 2510. Suppose -3*k + 5*l = -770, -4*k + 0*l + o = l. Is k a composite number?
True
Is (-2)/5 + 64911/15 composite?
False
Let q(t) = -2*t**2 - 9*t - 2. Let b be q(-4). Suppose 5*n - 7363 = -3*u - 0*n, 0 = -b*u + 4*n + 4872. Is u composite?
True
Let h(k) = -16*k**2 - 2*k - 9. Let s be h(4). Let i = 820 + s. Is i prime?
True
Let c(q) = -3*q + 11. Let l(y) = y - 1. Let p(k) = c(k) + 4*l(k). Let f be p(-5). Let s(m) = 44*m + 1. Is s(f) a composite number?
False
Let p(r) be the first derivative of 14*r**3 - 3*r**2/2 + 4*r + 11. Is p(2) a prime number?
False
Suppose -n = 1879 - 7658. Is n a prime number?
True
Suppose -3 = -c - 5*f, 3*c + 3*f = 4*c - 3. Let y(d) = d + 1. Let v be y(c). Suppose -6 = v*l - 22. Is l composite?
True
Let n be (-1)/(9/(-6) - -1). Let d(x) = -x**n - 1 + 5*x - x + 3*x**2 + 4*x**2. Is d(3) composite?
True
Suppose -9 = -3*h + g - 2, 0 = -3*g + 15. Suppose 4*k = -3*x + 3017, -h*x + 3*k + 1477 + 2579 = 0. Is x prime?
False
Suppose 54*r + 40954 = 57*r - 5*s, -5*r - s + 68210 = 0. Is r a prime number?
False
Is ((-2099080)/(-80))/((-3)/(-6)) a composite number?
True
Suppose 20 = -5*u + u, 5*u = -h - 191. Let m = h - -95. Let l = 220 + m. Is l composite?
False
Suppose 0 = -18*q + 78 - 8754. Suppose 71 = -3*c - 118. Let k = c - q. Is k composite?
False
Suppose 5*k = 2*h - 5 - 1, 2*h - 24 = -4*k. Suppose -5*b = -20, -3*x + 6 = -4*b - h. Let o(s) = s**2 - 8*s - 1. Is o(x) composite?
False
Let q(n) = 9*n - 2. Let p be q(1). Let m be 14/4*8/p. Suppose 2*h - 5*h = m*w - 283, 0 = -2*h + w + 185. Is h composite?
True
Let w(x) = -133*x - 60. Is w(-23) a composite number?
False
Suppose l - 4 = 11. Let d = l + -11. Suppose -3*f + 251 = -d. Is f a composite number?
True
Suppose 4*m = -2*i + 7*i + 35, 4*i + 2 = -2*m. Let c be 6/9 - 4/i. Suppose -n - n = p - 20, -4*p - 30 = -c*n. Is n a prime number?
True
Let k = 4 + 0. Suppose k*b - 892 = -b - 4*d, -b + 164 = -4*d. Suppose 5*z - 354 = b. Is z composite?
True
Let g(r) = r**3 + 4*r**2 - 7*r - 4. Let s be g(-5). Let y be 0/4 + s*-5. Let x = y + 95. Is x prime?
False
Let q(n) = -n**3 + 1042. Is q(0) a composite number?
True
Is (-1 - -10358)*(-45 - -46) a composite number?
False
Suppose 0 = -5*f - j + 4192, 4*j = 3*f + 2*f - 4207. Is f composite?
False
Let x(t) = -320*t + 51. Is x(-11) composite?
False
Let h = -27 - -138. Is h prime?
False
Let c = 30 + -35. Is (-2)/c - 372/(-20) prime?
True
Suppose 0 = 4*o + 2*l - 23262, 3*l = -0*l + 3. Is o prime?
False
Suppose 4*h = -9 + 21. Suppose 0 = -i - 4*j + 2800, -2*i + 0*j + 3*j = -5611. Suppose -l = h*l - i. Is l prime?
True
Let a be (-6)/(-4)*(-8)/6. Let k be -64 + (-1)/a*2. Let y = k - -152. Is y a prime number?
True
Let t(h) = 297*h - 245. Is t(28) a composite number?
True
Suppose -2*d - 3*s = -3136, 4*s - 6272 = -4*d + 3*s. Suppose 0 = -4*r + d - 412. Is r prime?
False
Let x(w) = -w**3 + 190. Let z be x(0). Let a = 34 + -30. Suppose -a*m + 5*c - 155 = -6*m, 3*m - z = c. Is m a prime number?
False
Suppose 2*g = -5*y, -y = -5*y - 2*g. Suppose p + p + 5*d - 1002 = 0, y = -4*p + 5*d + 2004. Is p composite?
True
Suppose 5*m - m - 12 = 0. Suppose 195 = 3*o + m*x, 3*o = x + 141 + 54. Is o a composite number?
True
Let u = 19 - -757. Let s = 1695 - u. Is s a prime number?
True
Suppose -13*t = -7*t - 3936. Suppose t = u + 3*u - 4*l, -3*u - 3*l + 474 = 0. Is u a composite number?
True
Let q = 146 + 7. Suppose -7*z + 3*z + 624 = 2*l, -z + q = 2*l. Is z a prime number?
True
Let d be (2873 - (0 - 1)) + -13 + 9. Let k = d - 289. Is k a prime number?
False
Is 7529 + (-319)/58 + (-2)/4 a prime number?
True
Let n(q) = 21*q - 16. Let a(j) = j**2 - 12*j + 4. Let i be a(12). Suppose -i*r = -26 - 2. Is n(r) prime?
True
Suppose 1500 + 1452 = 4*m. Suppose -726 = -3*p + 5*u, 0*p = 3*p - u - m. Suppose -2*r + 5*s = 2*s - 182, -3*r + p = 2*s. Is r composite?
True
Suppose -3*r + f + 10 = 0, -r = 3*f - 2 - 18. Suppose -3*k - 4*t = -r - 21, 14 = k + 4*t. Let h = k + 137. Is h composite?
True
Let d(j) = -7*j**3 + 20*j**2 + 28*j + 9. Let t(b) = -b**3 + b**2 + b - 1. Let c(y) = -d(y) + 6*t(y). Is c(16) a composite number?
True
Let d(t) = 2*t**2 - 84*t - 24. Is d(47) composite?
True
Let p(r) = 21*r**2 - r + 7. Let h(z) = 22*z**2 - 2*z + 6. Let a(d) = -2*h(d) + 3*p(d). Is a(-5) a prime number?
True
Let r = -1121 - -5538. Is r prime?
False
Let y = -54 + 59. Suppose -2*g - 3*u = -947, -y*g = -0*u + 4*u - 2357. Is g prime?
False
Let t(v) = 11*v**2 + 2*v - 10. Suppose 4 = g + 1. Is t(g) a composite number?
True
Suppose 0 = 4*f - 28 - 20. Let y(b) = b**3 + b + 5 + 0*b**3 + 4*b**2 - f*b. Is y(9) a prime number?
False
Suppose 0*g = 5*g. Let o(l) = -l**3 + l**2 + 2*l + 649. Is o(g) composite?
True
Let p(j) = -j + 13. Let w be p(7). Let u(r) = 200*r + 11. Is u(w) composite?
True
Let c(l) = 18*l - 1 - 13*l**3 - 5*l + 3 - 7*l - 2*l**2. Is c(-3) a composite number?
False
Let r(l) b